{"id":7,"date":"2026-03-10T11:59:59","date_gmt":"2026-03-10T10:59:59","guid":{"rendered":"https:\/\/wordpress.adwokat-czachorowski.pl\/?page_id=7"},"modified":"2026-03-10T12:42:44","modified_gmt":"2026-03-10T11:42:44","slug":"elementor-7","status":"publish","type":"page","link":"https:\/\/wordpress.adwokat-czachorowski.pl\/","title":{"rendered":"Home"},"content":{"rendered":"\t\t<div data-elementor-type=\"wp-post\" data-elementor-id=\"7\" class=\"elementor elementor-7\">\n\t\t\t\t<div class=\"elementor-element elementor-element-6b9f0e e-con-full e-flex e-con e-parent\" data-id=\"6b9f0e\" data-element_type=\"container\" data-e-type=\"container\" data-settings=\"{&quot;background_background&quot;:&quot;classic&quot;}\">\n\t\t\t\t<div class=\"elementor-element elementor-element-168dff77 elementor-widget elementor-widget-text-editor\" data-id=\"168dff77\" data-element_type=\"widget\" data-e-type=\"widget\" data-widget_type=\"text-editor.default\">\n\t\t\t\t\t\t\t\t\t<p style=\"color: #00bcd4; font-size: 12px; letter-spacing: 2px; text-transform: uppercase; font-weight: 600; margin: 0;\">ADWOKAT \/ PRAWO KARNE<\/p>\t\t\t\t\t\t\t\t<\/div>\n\t\t\t\t<div class=\"elementor-element elementor-element-5d1551be elementor-widget elementor-widget-heading\" data-id=\"5d1551be\" data-element_type=\"widget\" data-e-type=\"widget\" data-widget_type=\"heading.default\">\n\t\t\t\t\t<h1 class=\"elementor-heading-title elementor-size-default\">Obrona w sprawach <span style=\"color:#00BCD4\">karnych<\/span><\/h1>\t\t\t\t<\/div>\n\t\t\t\t<div class=\"elementor-element elementor-element-5ac02c4a elementor-widget elementor-widget-text-editor\" data-id=\"5ac02c4a\" data-element_type=\"widget\" data-e-type=\"widget\" data-widget_type=\"text-editor.default\">\n\t\t\t\t\t\t\t\t\t<p>Specjalizujemy si\u0119 wy\u0142\u0105cznie w prawie karnym. Ponad 15 lat do\u015bwiadczenia w najtrudniejszych sprawach. Pe\u0142na dyspozycyjno\u015b\u0107 i indywidualne podej\u015bcie do ka\u017cdego klienta.<\/p>\t\t\t\t\t\t\t\t<\/div>\n\t\t<div class=\"elementor-element elementor-element-75392e70 e-con-full e-flex e-con e-child\" data-id=\"75392e70\" data-element_type=\"container\" data-e-type=\"container\">\n\t\t\t\t<div class=\"elementor-element elementor-element-1e313c02 elementor-align-center elementor-widget elementor-widget-button\" data-id=\"1e313c02\" data-element_type=\"widget\" data-e-type=\"widget\" data-widget_type=\"button.default\">\n\t\t\t\t\t\t\t\t\t\t<a class=\"elementor-button elementor-button-link elementor-size-sm\" href=\"#\">\n\t\t\t\t\t\t<span class=\"elementor-button-content-wrapper\">\n\t\t\t\t\t\t\t\t\t<span class=\"elementor-button-text\">Zadzwo\u0144 do nas \u2192<\/span>\n\t\t\t\t\t<\/span>\n\t\t\t\t\t<\/a>\n\t\t\t\t\t\t\t\t<\/div>\n\t\t\t\t<div class=\"elementor-element elementor-element-1dc1e0f3 elementor-align-center elementor-widget elementor-widget-button\" data-id=\"1dc1e0f3\" data-element_type=\"widget\" data-e-type=\"widget\" data-widget_type=\"button.default\">\n\t\t\t\t\t\t\t\t\t\t<a class=\"elementor-button elementor-button-link elementor-size-sm\" href=\"#\">\n\t\t\t\t\t\t<span class=\"elementor-button-content-wrapper\">\n\t\t\t\t\t\t\t\t\t<span class=\"elementor-button-text\">Dowiedz si\u0119 wi\u0119cej<\/span>\n\t\t\t\t\t<\/span>\n\t\t\t\t\t<\/a>\n\t\t\t\t\t\t\t\t<\/div>\n\t\t\t\t<\/div>\n\t\t<div class=\"elementor-element elementor-element-48dbb80c e-con-full e-flex e-con e-child\" data-id=\"48dbb80c\" data-element_type=\"container\" data-e-type=\"container\">\n\t\t<div class=\"elementor-element elementor-element-6c6c56bc e-con-full hero-stat-container e-flex e-con e-child\" data-id=\"6c6c56bc\" data-element_type=\"container\" data-e-type=\"container\">\n\t\t\t\t<div class=\"elementor-element elementor-element-31c2d2c1 elementor-widget elementor-widget-heading\" data-id=\"31c2d2c1\" data-element_type=\"widget\" data-e-type=\"widget\" data-widget_type=\"heading.default\">\n\t\t\t\t\t<h3 class=\"elementor-heading-title elementor-size-default\">500+<\/h3>\t\t\t\t<\/div>\n\t\t\t\t<div class=\"elementor-element elementor-element-13bcddbe elementor-widget elementor-widget-text-editor\" data-id=\"13bcddbe\" data-element_type=\"widget\" data-e-type=\"widget\" data-widget_type=\"text-editor.default\">\n\t\t\t\t\t\t\t\t\t<p style=\"color:#A0A0B0; font-size:12px; text-transform:uppercase; letter-spacing:1.5px; margin:0;\">Wygranych spraw<\/p>\t\t\t\t\t\t\t\t<\/div>\n\t\t\t\t<\/div>\n\t\t<div class=\"elementor-element elementor-element-b56c6fc e-con-full hero-stat-container e-flex e-con e-child\" data-id=\"b56c6fc\" data-element_type=\"container\" data-e-type=\"container\">\n\t\t\t\t<div class=\"elementor-element elementor-element-46e28b0f elementor-widget elementor-widget-heading\" data-id=\"46e28b0f\" data-element_type=\"widget\" data-e-type=\"widget\" data-widget_type=\"heading.default\">\n\t\t\t\t\t<h3 class=\"elementor-heading-title elementor-size-default\">15+<\/h3>\t\t\t\t<\/div>\n\t\t\t\t<div class=\"elementor-element elementor-element-2702dc08 elementor-widget elementor-widget-text-editor\" data-id=\"2702dc08\" data-element_type=\"widget\" data-e-type=\"widget\" data-widget_type=\"text-editor.default\">\n\t\t\t\t\t\t\t\t\t<p style=\"color:#A0A0B0; font-size:12px; text-transform:uppercase; letter-spacing:1.5px; margin:0;\">Lat do\u015bwiadczenia<\/p>\t\t\t\t\t\t\t\t<\/div>\n\t\t\t\t<\/div>\n\t\t<div class=\"elementor-element elementor-element-5de253a8 e-con-full hero-stat-container e-flex e-con e-child\" data-id=\"5de253a8\" data-element_type=\"container\" data-e-type=\"container\">\n\t\t\t\t<div class=\"elementor-element elementor-element-651b8817 elementor-widget elementor-widget-heading\" data-id=\"651b8817\" data-element_type=\"widget\" data-e-type=\"widget\" data-widget_type=\"heading.default\">\n\t\t\t\t\t<h3 class=\"elementor-heading-title elementor-size-default\">24\/7<\/h3>\t\t\t\t<\/div>\n\t\t\t\t<div class=\"elementor-element elementor-element-481695ea elementor-widget elementor-widget-text-editor\" data-id=\"481695ea\" data-element_type=\"widget\" data-e-type=\"widget\" data-widget_type=\"text-editor.default\">\n\t\t\t\t\t\t\t\t\t<p style=\"color:#A0A0B0; font-size:12px; text-transform:uppercase; letter-spacing:1.5px; margin:0;\">Dost\u0119pno\u015b\u0107<\/p>\t\t\t\t\t\t\t\t<\/div>\n\t\t\t\t<\/div>\n\t\t\t\t<\/div>\n\t\t\t\t<\/div>\n\t\t\t\t<\/div>\n\t\t","protected":false},"excerpt":{"rendered":"<p>ADWOKAT \/ PRAWO KARNE Obrona w sprawach karnych Specjalizujemy si\u0119 wy\u0142\u0105cznie w prawie karnym. Ponad 15 lat do\u015bwiadczenia w najtrudniejszych sprawach. Pe\u0142na dyspozycyjno\u015b\u0107 i indywidualne podej\u015bcie do ka\u017cdego klienta. Zadzwo\u0144 do nas \u2192 Dowiedz si\u0119 wi\u0119cej 500+ Wygranych spraw 15+ Lat do\u015bwiadczenia 24\/7 Dost\u0119pno\u015b\u0107<\/p>\n","protected":false},"author":1,"featured_media":0,"parent":0,"menu_order":0,"comment_status":"closed","ping_status":"closed","template":"elementor_canvas","meta":{"footnotes":""},"class_list":["post-7","page","type-page","status-publish","hentry"],"_links":{"self":[{"href":"https:\/\/wordpress.adwokat-czachorowski.pl\/index.php?rest_route=\/wp\/v2\/pages\/7","targetHints":{"allow":["GET"]}}],"collection":[{"href":"https:\/\/wordpress.adwokat-czachorowski.pl\/index.php?rest_route=\/wp\/v2\/pages"}],"about":[{"href":"https:\/\/wordpress.adwokat-czachorowski.pl\/index.php?rest_route=\/wp\/v2\/types\/page"}],"author":[{"embeddable":true,"href":"https:\/\/wordpress.adwokat-czachorowski.pl\/index.php?rest_route=\/wp\/v2\/users\/1"}],"replies":[{"embeddable":true,"href":"https:\/\/wordpress.adwokat-czachorowski.pl\/index.php?rest_route=%2Fwp%2Fv2%2Fcomments&post=7"}],"version-history":[{"count":42,"href":"https:\/\/wordpress.adwokat-czachorowski.pl\/index.php?rest_route=\/wp\/v2\/pages\/7\/revisions"}],"predecessor-version":[{"id":72,"href":"https:\/\/wordpress.adwokat-czachorowski.pl\/index.php?rest_route=\/wp\/v2\/pages\/7\/revisions\/72"}],"wp:attachment":[{"href":"https:\/\/wordpress.adwokat-czachorowski.pl\/index.php?rest_route=%2Fwp%2Fv2%2Fmedia&parent=7"}],"curies":[{"name":"wp","href":"https:\/\/api.w.org\/{rel}","templated":true}]}}